{"id":10,"date":"2023-12-09T13:07:26","date_gmt":"2023-12-09T12:07:26","guid":{"rendered":"https:\/\/www-2023.tecniche-costruire.ing.uniroma2.it\/?page_id=10"},"modified":"2025-06-12T15:51:55","modified_gmt":"2025-06-12T13:51:55","slug":"obiettivi-formativi","status":"publish","type":"page","link":"https:\/\/tecniche-costruire.ing.uniroma2.it\/?page_id=10","title":{"rendered":"Obiettivi formativi"},"content":{"rendered":"\n<p>Il corso di studio si pone come obiettivo la formazione di un laureato in grado di affrontare i problemi complessi dell&#8217;ingegneria dei sistemi edilizi, nel settore dell&#8217;Ingegneria civile e ambientale. Il laureato viene perci\u00f2 preparato ad affrontare le problematiche attuali delle tecniche della costruzione, sia da un punto di vista progettuale che esecutivo. La sua formazione, forte del patrimonio di strumenti di base acquisiti nella laurea di primo livello, \u00e8 organizzata in insegnamenti specialistici che affrontano tematiche avanzate nel comparto delle tecniche costruttive.<br>Il Corso di Studio \u00e8 stato progettato in sintonia con le indicazioni del DPR 328\/2001 ed \u00e8 pertanto finalizzato ad instaurare una stretta concordanza tra il percorso formativo proposto allo studente e la complessit\u00e0 e specialit\u00e0 delle attivit\u00e0 che saranno attribuite nella professione al laureato nel CdS; il CdS \u00e8 pertanto orientato a garantire l&#8217;acquisizione del patrimonio di conoscenze e competenze coerente con la complessit\u00e0 tecnica, sotto il profilo quantitativo e qualitativo, dell&#8217;attivit\u00e0 professionale riservata al laureato che sar\u00e0 quindi in grado di provvedere alla realizzazione di quelle opere che implicano conoscenza peculiari degli studi di ingegneria. In particolare, il laureato nel CdS dovr\u00e0 essere in grado di affrontare attivit\u00e0 innovative che implicano l&#8217;uso di metodologie avanzate, innovative e sperimentali, nella progettazione, direzione lavori, stima, collaudo e gestione di strutture, sistemi e processi complessi e innovativi nell&#8217;ambito delle opere edili e delle strutture.<br>Gli obiettivi formativi specifici del corso sviluppano quindi la tematica della progettazione esecutiva, in relazione sia alle nuove costruzioni che al recupero di edifici esistenti. Ci\u00f2 avviene attraverso l&#8217;integrazione della progettazione architettonica, della progettazione strutturale innovativa, della sperimentazione progettuale d&#8217;avanguardia sui materiali da costruzione, della progettazione impiantistica sofisticata, della conoscenza delle tecniche edilizie e del loro sviluppo, della conoscenza della storia materiale dell&#8217;architettura e della costruzione. L&#8217;offerta formativa di base si articola dunque come segue:<br>\u2212 attivit\u00e0 formative specialistiche caratterizzanti nell&#8217;Architettura; questi insegnamenti consentono allo studente di acquisire ulteriori competenze relativamente alla progettazione architettonica ed esecutiva, alla tecnologia edilizia contemporanea e alle attivit\u00e0 progettuali proprie dell&#8217;ingegnere;<br>\u2212 attivit\u00e0 formative specialistiche caratterizzanti nell&#8217;Edilizia (Tecnica delle Costruzioni e Geotecnica), attraverso le quali lo studente completa le conoscenze scientifiche indispensabili per affrontare con piena consapevolezza le problematiche tecniche dell&#8217;attivit\u00e0 di progettazione.<br>Vi sono inoltre le attivit\u00e0 di indirizzo che seguono le linee di ricerca di massimo sviluppo tra i docenti del CdS. Lo studente pu\u00f2 scegliere se orientare la propria formazione verso le materie tecnico progettuali, ovvero verso l&#8217;approfondimento di tematiche strutturali.<br>Altri insegnamenti a scelta consentono allo studente di ampliare, in base alle personali propensioni, le conoscenze su materie specifiche e di completamento delle competenze dell&#8217;Ingegnere, conservando l&#8217;unitariet\u00e0 del percorso formativo con il quale gli insegnamenti proposti si trovano in assoluta coerenza. Lo studente pu\u00f2, quindi, completare il proprio percorso formativo orientandosi verso l&#8217;acquisizione di ulteriori abilit\u00e0 e conoscenze inerenti alla progettazione architettonica, il recupero del patrimonio edilizio esistente, la progettazione strutturale, la tecnica urbanistica, la progettazione impiantistica, le tematiche ambientali, la storia dell&#8217;architettura.<br>A completamento del percorso formativo sono previste attivit\u00e0 a scelta e di tirocinio (7 CFU) e prova finale (14 CFU).<br>Il Corso di Laurea non \u00e8 di nuova istituzione bens\u00ec esiste nella Macroarea di Ingegneria dell&#8217;Universit\u00e0 degli Studi di Roma Tor Vergata dal 1992, in seguito alla divisione del corso di laurea vecchio ordinamento in Ingegneria Civile Edile nei due corsi di Ingegneria edile e Ingegneria civile. Dopo l&#8217;entrata in vigore dell&#8217;ordinamento 509\/99, il corso si \u00e8 articolato nei previsti due livelli (triennale e specialistico) rispettivamente nelle classi di laurea 4 (Scienze dell&#8217;architettura e dell&#8217;ingegneria edile) e 4S (Architettura e Ingegneria edile). Nel nuovo ordinamento 270\/04, \u00e8 stata finalmente definita una nuova classe di laurea autonoma, LM- 24 &#8211; Ingegneria dei sistemi edilizi, che consente di inquadrare senza ambiguit\u00e0 il percorso formativo, proprio della scienza ingegneristica e ben distinto dal percorso formativo tipico dell&#8217;architettura. Il corso \u00e8 stato pertanto aggiornato in base alle indicazioni del decreto e \u2018trasferito&#8217; nella nuova classe appositamente creata.<\/p>\n","protected":false},"excerpt":{"rendered":"<p>Il corso di studio si pone come obiettivo la formazione di un laureato in grado di affrontare i problemi complessi dell&#8217;ingegneria dei sistemi edilizi, nel settore dell&#8217;Ingegneria civile e ambientale. Il laureato viene perci\u00f2 preparato ad affrontare le problematiche attuali<\/p>\n","protected":false},"author":2,"featured_media":0,"parent":0,"menu_order":0,"comment_status":"closed","ping_status":"closed","template":"","meta":{"footnotes":""},"class_list":["post-10","page","type-page","status-publish","hentry"],"_links":{"self":[{"href":"https:\/\/tecniche-costruire.ing.uniroma2.it\/index.php?rest_route=\/wp\/v2\/pages\/10","targetHints":{"allow":["GET"]}}],"collection":[{"href":"https:\/\/tecniche-costruire.ing.uniroma2.it\/index.php?rest_route=\/wp\/v2\/pages"}],"about":[{"href":"https:\/\/tecniche-costruire.ing.uniroma2.it\/index.php?rest_route=\/wp\/v2\/types\/page"}],"author":[{"embeddable":true,"href":"https:\/\/tecniche-costruire.ing.uniroma2.it\/index.php?rest_route=\/wp\/v2\/users\/2"}],"replies":[{"embeddable":true,"href":"https:\/\/tecniche-costruire.ing.uniroma2.it\/index.php?rest_route=%2Fwp%2Fv2%2Fcomments&post=10"}],"version-history":[{"count":3,"href":"https:\/\/tecniche-costruire.ing.uniroma2.it\/index.php?rest_route=\/wp\/v2\/pages\/10\/revisions"}],"predecessor-version":[{"id":544,"href":"https:\/\/tecniche-costruire.ing.uniroma2.it\/index.php?rest_route=\/wp\/v2\/pages\/10\/revisions\/544"}],"wp:attachment":[{"href":"https:\/\/tecniche-costruire.ing.uniroma2.it\/index.php?rest_route=%2Fwp%2Fv2%2Fmedia&parent=10"}],"curies":[{"name":"wp","href":"https:\/\/api.w.org\/{rel}","templated":true}]}}